t n(g) = -9*g**2 - 13*g + 6. Let y(h) = -h**2 - h - 1. Let d(j) = n(j) - 4*y(j). Let f(u) = -6*b(u) + 11*d(u). Determine f(7).
4
Let x(r) = r**3 + 11*r**2 - 14*r - 13. Suppose 2945 = -a + 2933. Determine x(a).
11
Let r(j) be the third derivative of j**4/24 + j**3/6 + 8*j**2. Suppose 3*l = 5*c - 23, -8*l + 3*c = -7*l + 9. Calculate r(l).
-5
Suppose 3*p - 6 + 0 = 0. Suppose 4*j + a - 6 = 0, p*j + j + 4 = -5*a. Let l(w) = -3 - w - 2 - j + 5. Determine l(-3).
1
Let c(d) = 55*d - 16*d - 6 - 19*d - 15*d. Determine c(8).
34
Let y(c) = -c - 1. Let v(l) = -l**2 - 4*l - 2. Let h(j) = v(j) + 6*y(j). Suppose 15*g - 12*g = -18. What is h(g)?
16
Let d = 37 - 33. Let t(g) = -2*g + 0*g + d*g + 7 - g. Give t(-5).
2
Let q be (-6)/(-54)*1 + (-265)/(-45). Let h(u) = -u**3 + 5*u**2 + 8*u - 13. Determine h(q).
-1
Let k(l) be the third derivative of -2/3*l**3 - 1/60*l**6 - 1/15*l**5 + 0 + 19*l - 1/24*l**4 + 2*l**2. Determine k(-3).
17
Let g(i) = i**3 - i**2 - 3*i. Let v be 12/(-2) + (18/2)/1. Calculate g(v).
9
Suppose d + 2 = 4. Let t(w) = d*w + w**2 + 4*w + 406 - 397 + 3*w. Determine t(-7).
-5
Let j(g) = -g + 7. Let v be j(0). Let s(w) = 22*w - 23*w - 200 + 210. Let m be s(v). Let l(y) = y**3 - 2*y**2 - 3*y + 4. Give l(m).
4
Let l(k) = k**2 + 2*k - 1. Let g(b) = b**2 - 26*b + 28. Let x(y) = g(y) + l(y). Calculate x(11).
5
Let u(l) be the first derivative of l**5/60 - l**4/24 + 13*l**2/2 - 12. Let d(j) be the second derivative of u(j). Suppose 8*h + 10 = 3*h. Calculate d(h).
6
Suppose -2 = u, 3*u - 33 = q - 3. Let h = q - -39. Let a(b) = 5*b - 3. What is a(h)?
12
Let k be (-2 - 3)*(-2)/2. Let y(n) = 0 + 171*n**2 + k - 175*n**2 - n**3. Let z = -10 + 6. Calculate y(z).
5
Let j(g) = -103*g**2 + 2 + g**3 + g**3 + 107*g**2 - 4*g**3. What is j(3)?
-16
Suppose y = 4*y. Let o be 2/(-17) + (-432)/(-204). Let a(n) = -n**3 + 19*n**2 - n - 19*n**o - 5. Calculate a(y).
-5
Let b = 126 + -132. Let r be 5 - (1 + b - -10). Let i(k) = k - 21. What is i(r)?
-21
Suppose -13*p = -15*p - 2*b - 6, -4*p + 3*b = -9. Let g(x) = x**2 - x - 11. Give g(p).
-11
Let r(w) = 7*w**2 + 23*w + 11. Let b(x) = -6*x**2 - 22*x - 15. Let o(t) = 6*b(t) + 5*r(t). Calculate o(-15).
-5
Suppose 0 = 4*f - 3*b + 7, b - 1 = 3*f - 2. Suppose 3*y - y - 5*x - 5 = 0, -y - f = -x. Let l(n) = n**2 + 2*n - 3. What is l(y)?
12
Let k(s) = 6*s**3 + s**2 - 1 - 3 - s + 3. Let n be ((-206)/309)/(4/6). Give k(n).
-5
Let v be ((-8)/4 - -4) + -1. Let b(w) = -3*w**3 - 7*w**2 - 1 + w + 10 + v + 2*w**3. Let q = 3 - 10. Calculate b(q).
3
Let h = 19 - 18. Suppose -3*q + 4 = h. Let v(w) = 7*w + w**2 - 8*w - 6 - q. Give v(5).
13
Let o(f) = f**2 + 40*f - 2. Let g be o(-40). Let c(m) = -m**2 + 0*m**2 + 2 + m + 0*m. Give c(g).
-4
Let b(o) = -6*o + 1. Suppose -3*t + 4*s - 7*s = -9, -5*s + 13 = 3*t. Determine b(t).
-5
Suppose -13 = -11*h + 97. Let n be (1 + -21)*(-2)/4. Let s = n - h. Let i(c) = -c**3 - c**2 - c - 1. What is i(s)?
-1
Let x(c) = c - 6. Let h = 0 - -11. Let g = -11 + h. Suppose f = t - 1, 4*t + g*f + f - 24 = 0. Determine x(t).
-1
Let u = -4 - -6. Let l(q) = -u - 4*q**3 - 2*q - 6*q**3 - 2*q**2 + 9*q**3. Determine l(-2).
2
Let r(y) = 4*y**2 + 1. Let t = 1907 - 1906. Calculate r(t).
5
Let a = 147 - 145. Let h(f) = f**3 - 3 + f - 4*f + 6*f**a - 9*f**2. Give h(4).
1
Let u(c) = -3*c + 13. Let w(d) = d - 5. Let a(t) = 4*u(t) + 11*w(t). Determine a(-3).
0
Let j = 267 - 271. Let r(m) = -m**3 + 5*m**2 - 5*m + 6. Let h be r(4). Let t(d) = -d**2 - 2 + h - 5*d. Calculate t(j).
4
Let r(z) = -z**3 + 5*z**2 + 1. Suppose a = i + 52, 28 + 33 = -i - 2*a. Let n = i + 59. Determine r(n).
17
Suppose s - 8 = -s. Suppose 2*w + s = 6*w. Let l(f) be the first derivative of -f**4 + f**3/3 - f - 1. Determine l(w).
-4
Let k(l) = 2*l + 7. Let c(f) = 4*f + 14. Let j(y) = 3*c(y) - 5*k(y). Suppose -3*x - 15 = -0*x. Calculate j(x).
-3
Let w(c) = c**2 + c**2 - 2 + c**3 + c**2 + c. Suppose -5*f - 2*b = -95, 5*f + 5*b - 134 = -24. Let z = f + -19. Give w(z).
0
Let u(q) = -q**2 + 4*q + 4. Suppose 2*o - 26 = 5*p, 5*p = 4*o + 3*p - 20. Let w be (30/4)/(o/2). Give u(w).
-1
Let o(j) = -2*j + 4. Let g be (0 + 0)*3/6. Let r be o(g). Let a(f) be the third derivative of f**5/60 - f**4/8 + f**3/3 + f**2. Determine a(r).
6
Let n(w) = 3*w**3 + w**2 - w. Let d be n(1). Let b(p) = -7*p + 3 + 32*p**2 + 1 - 33*p**2 + 7*p. What is b(d)?
-5
Let w(c) = c**2. Let j(f) = 3*f**2 + 6*f - 5. Suppose d - 4 = -0*d. Let u = 4 - 5. Let k(p) = d*w(p) + u*j(p). Give k(5).
0
Let g = 37 + -36. Let j(q) = 2 + 2 + 0 + 19*q - 5. Determine j(g).
18
Let j(s) = s**2 - 2*s - 12. Suppose -4*k - 4 + 23 = g, -3*k - 2*g = -13. What is j(k)?
3
Let p(w) be the third derivative of -w**5/60 + 11*w**4/24 + w**3/2 - 9*w**2 + 3. Let a(f) = f**2 - 12*f - 4. Let z(i) = -5*a(i) - 6*p(i). Determine z(4).
-6
Let p(i) = 5*i**2 - i**2 + 9*i**2 + 2*i - 14*i**2 + i. Let o = -7 - -10. Determine p(o).
0
Let i(n) be the third derivative of 0 - n**3 + 0*n - 1/12*n**5 - 1/24*n**4 + 23*n**2 - 1/120*n**6. Calculate i(-5).
-1
Let u(p) be the second derivative of 2*p - 5/6*p**3 + 0 - 3/2*p**2 - 1/12*p**4. Calculate u(-2).
3
Let w(h) = -h + 3. Let d(q) = -q**2 - 10*q + 6. Let y be d(-6). Let m be 2 + y/18*3. Give w(m).
-4
Let i(u) be the third derivative of 0*u + 0 - 7*u**2 - 1/3*u**3 + 1/15*u**5 - 1/120*u**6 + 1/6*u**4. Let l be -1 + 5 - (-2 - -1). What is i(l)?
-7
Let n = -23 - -24. Let a(j) = 0 + 22*j - 2*j**2 - 17*j - 7*j + n. Suppose 2*h + 4*k = 12, 2*k + k = -4*h + 4. Calculate a(h).
-3
Let y(d) = -d**3 + 8*d**2 + 11*d + 11. Let t = 153 + -144. Calculate y(t).
29
Let j(c) = -c**2 - c + 5. Suppose 0 = 4*n - 17 - 15. Suppose 4*g - 6*y + 2*y = -n, -2*y + 4 = 0. Determine j(g).
5
Let b = 68 - 64. Let z be (-1)/2*-2 + b. Let a(u) = u - 12. Give a(z).
-7
Let j(x) = -x**2 + x. Let m(c) be the first derivative of 9*c + 1/3*c**3 + 4*c**2 - 1. Let h be m(-7). What is j(h)?
-2
Let h(n) = -n**2. Let v(x) = 3*x**2 - 2. Let a(i) = 5*h(i) + 2*v(i). Give a(-4).
12
Let u(q) = 2*q**3 + q + 4*q - 2*q + 2 + 4*q**2. Suppose -3*o = -3*b + 15, -3*b - 1 = 4*o + o. Determine u(o).
-4
Let i(h) be the third derivative of -h**6/120 + h**5/10 + h**4/8 - h**3 - 4*h**2. Let y(q) = q**2 + 7*q + 6. Let r be y(0). Give i(r).
12
Let i(r) = 4*r - 18. Suppose 20*k - 105 = 15. Determine i(k).
6
Let l = 378 + -379. Let r(a) = 3 - 6 - 7*a + 2. What is r(l)?
6
Let x(t) = -t**2 + 9*t - 22. Suppose 19 = 3*q + 2*v, 8*v - 4*v = 2*q - 2. What is x(q)?
-2
Let n = -241 - -248. Let r(h) = 3*h**2 - 5*h - 2. Let k(t) = 4*t**2 - 4*t - 1. Let c(x) = 2*k(x) - 3*r(x). Determine c(n).
4
Let z be 1 + (-10)/8 - 548/(-16). Let w(v) = -z + v**3 - v - v + 35 - 2*v**2. Calculate w(3).
4
Let u be ((-15)/(-10))/(3/8). Let j(y) be the second derivative of u*y + 3/2*y**2 - 1/6*y**3 + 0. Calculate j(-5).
8
Let k(a) = a**2 - 2*a + 2. Let x(d) = d**3 + 8*d**2 + 8*d + 4. Let o = 119 - 126. Let u be x(o). Calculate k(u).
17
Let n(m) be the third derivative of 31*m**6/120 + m**5/60 - m**3/6 + 16*m**2. Calculate n(-1).
-31
Let p = 213 + -214. Let v(b) = -18*b. What is v(p)?
18
Let o be (-2)/9 - (8 - (-404)/(-36)). Let u(d) = -8*d**o - 6*d**2 - 3 + 0 + 7*d**3 - 3 - 6*d. Give u(-5).
-1
Suppose v + 4*u = 10 - 2, -u = 2. Suppose 2*r = -2*r + v. Suppose 5*s - r*q + 25 = 0, 0*s + 2*s + 22 = 4*q. Let c(n) = -11*n**2 + 1. Calculate c(s).
-10
Let k(j) = 9 + 1 - j - 3. Let f be 26 + 4 + -7 + 2. Let m = 25 - f. Determine k(m).
7
Let a(l) = l**3 - l**2 - 4*l. Let r = -4 - -7. Suppose -b + 3*x = -0*b - 18, -5*b = 2*x - 56. Suppose r = -3*d + b. Give a(d).
6
Let f be (-10)/4*408/(-60)*-4. Let m be 50/(-18) + (-4 - f/18). Let u(c) = c**3 + 2*c**2 - 2*c + 2. Calculate u(m).
-1
Let q(r) be the third derivative of -r**4/24 + r**3/6 + 432*r**2. Suppose -4*v - 11 = v + a, 0 = 2*v - 4*a + 22. What is q(v)?
4
Let d(b) = -3*b**3 - 5*b**2 + 1. Suppose 10 = -3*i + 1. Let l(u) = -2*u**3 - 4*u**2. Let v(p) = i*d(p) + 4*l(p). What is v(0)?
-3
Suppose 0 = -2*n + 19 - 1. Let z(a) = -a + 13. Determine z(n).
4
Let q(h) = 0*h - 11 - 10*h + 9*h - h**2 + 2*h. Determine q(0).
-11
Let j(g) be the second derivative of -g**3/6 - 17*g**2/2 + 25*g. Let w(o) = -o**3 - 3*o**2 + 4*o. Let y be w(-3). Calculate j(y).
-5
Suppose 0 = -x + 4*s - 18, -3*x - 3 - 1 = -2*s. Let z be 1 + (-3)/6*x. Let b(t) = z*t + 2*t - 7*t + t + 2. Give b(2).